highest common divisor of y and 56.
7
Let q be (-1)/((2/(-5))/2). Suppose -711 = -q*m - w, -5*m - 4*w = -891 + 192. Let p(r) = 3*r - 2. Let h be p(5). What is the greatest common factor of m and h?
13
Suppose -2*w = -5*x - 12 - 3, -63 = -4*w - x. What is the greatest common factor of 120 and w?
15
Suppose 0*d + 4*b = 3*d - 20, 0 = -3*d + b + 32. Calculate the greatest common factor of d and 12.
12
Suppose 0*p + 80 = p. Suppose -3*a - 5*j = -48, -5*a + 5*j - p = -10*a. Calculate the greatest common divisor of 8 and a.
8
Let w be (1 - -2)*(-6)/(-9). Let k(s) = s**3 + 2*s**2 - 2*s + 2. Let l be k(-3). Let n = 2 + l. What is the greatest common factor of n and w?
1
Let u(t) = t**3 + 9*t**2 - 5*t - 18. Let f be u(-9). Let q be 1/(-4) + 26/8. What is the greatest common divisor of q and f?
3
Suppose 20 = k - 19. Suppose -4*r + 318 = 2*p, 32 = r - p - 43. Suppose 4*u - r = u. What is the highest common divisor of k and u?
13
Suppose -6*y + y = -5. Let c be (4/(-8))/(y/(-16)). Let b = -5 + c. What is the highest common divisor of 1 and b?
1
Suppose -w + 17 = 3*w - 5*p, 5*w + 3*p = -25. Let t be (-15)/(w/12*2). Let b = -19 - -37. Calculate the greatest common divisor of b and t.
9
Let d be (-3)/(-1 - 2)*0. Let c = d + 5. Suppose 2*l - 15 = l. What is the highest common factor of c and l?
5
Suppose -1 + 5 = 2*b. Let r be 0 + (-39)/((-2)/b). What is the highest common divisor of r and 13?
13
Let r(c) = 5*c + 39. Let w be r(0). Calculate the greatest common divisor of 52 and w.
13
Let t be (-8)/44 + (-3788)/(-22). Let c = t - 117. Calculate the greatest common divisor of c and 22.
11
Let g be (-260)/(-143) - (-2)/11. What is the greatest common divisor of 16 and g?
2
Suppose -v + 54 = 24. Calculate the greatest common factor of 270 and v.
30
Suppose -5*y + 3*y + 4 = 0. Let b(h) = h**3 - 1. Let t be b(y). What is the greatest common divisor of t and 7?
7
Let r(l) = l**2 - 14*l - 4. Let v be r(12). Let a = 52 + v. Calculate the highest common factor of a and 8.
8
Let p = -7 + 1. Let r(b) = -b**2 - 7*b - 1. Let s be r(p). Suppose 1 = -4*x + s. Calculate the highest common divisor of x and 1.
1
Let q(a) = -a**3 + 6*a**2 + a - 1. Let m be q(6). Calculate the highest common factor of m and 2.
1
Suppose 0 = 2*u - 18 - 10. Let m(h) = -h**3 + 10*h**2 + 3*h - 8. Let g be m(6). Calculate the highest common factor of g and u.
14
Let u(o) = o**2 - o + 2. Let d be u(2). Let a be d + -2 + (2 - -5). Calculate the greatest common divisor of 9 and a.
9
Suppose -11*k + 237 = -819. What is the highest common factor of k and 32?
32
Suppose 0 = 4*n - 63 - 9. Calculate the greatest common divisor of n and 36.
18
Suppose -3*v = -0*v - 24. Let y be 11/(((-1)/8)/(-1)). Calculate the greatest common factor of y and v.
8
Suppose -21 = -3*z + 2*l, 5*z = -0*z + 5*l + 30. What is the greatest common factor of 99 and z?
9
Let w(j) = 3*j**2 + 6*j + 6. Let i be w(-5). Let n = i - 31. Let m be (-992)/(-20) + (-2)/(-5). Calculate the greatest common factor of n and m.
10
Let x be 24/14 + 2/7. Suppose 2 = 3*k - 7. Calculate the highest common divisor of k and x.
1
Suppose 5*k - 69 = 3*m, 2*k = 3*m - 5*m + 18. What is the greatest common factor of k and 132?
12
Suppose 3*f = 3*w + w - 649, -2*w = -2*f - 326. Calculate the highest common factor of 64 and w.
32
Suppose -3*w + 3*y + 81 = 0, -4*w - 2*y + 94 + 44 = 0. Let q(g) = g. Let k be q(4). What is the greatest common factor of w and k?
4
Let m be (-3)/2 - (-5)/2. What is the highest common divisor of 4 and m?
1
Let c = 0 + 1. Calculate the highest common factor of 8 and c.
1
Let u be 2 + (-5)/(20/8). Suppose 4*g + 5*o - 73 = u, -4*g + 3*g - 4*o = -21. Calculate the highest common factor of g and 51.
17
Let l be 1/(-3) + 708/18. Suppose 0 = 5*a - 26 - l. What is the greatest common divisor of a and 117?
13
Let r(l) = -3*l**3 - 4*l**2 - 4*l - 3. Let i be r(-3). Suppose -4*f + 152 = 4*o, 2*f - 37 = 3*o + 29. Calculate the highest common factor of f and i.
18
Let t be (1*-46)/(1*-2). Suppose 0 = -3*f - m, 2*f - 3*m = -0*m + 11. Let c = f + t. What is the greatest common divisor of 16 and c?
8
Let s be (28 - 8) + (2 - 1). What is the greatest common divisor of s and 105?
21
Let a = 107 + 21. Calculate the highest common divisor of a and 16.
16
Let h be 27/12 - 2/8. Let m be -2*(-34)/h + -2. Suppose 3*t - m = 28. What is the highest common divisor of t and 8?
4
Let h be (2/3)/(52/1014). Calculate the highest common divisor of h and 26.
13
Let t(b) = -47*b**3 + b**2 - b - 1. Let q be t(-1). What is the highest common factor of q and 120?
24
Let k(i) = -2*i + 6. Let r be k(5). Let t be r/1*1/(-2). Suppose 0*m + t*m = 22. What is the highest common factor of 99 and m?
11
Suppose 0*b + 3*b = 357. Calculate the greatest common factor of 17 and b.
17
Let f = -15 - -23. Suppose -5*u - 24 = -8*u. Calculate the greatest common factor of f and u.
8
Let j be (-1)/(2 - 3) - -13. Suppose n + 3*n - 12 = 0. Let y be (-3)/2*(-140)/n. Calculate the greatest common divisor of y and j.
14
Let i(j) = j - 2. Let g(d) = d**2 + 5*d + 5. Let r be g(-5). Let f be i(r). Suppose 2*w - 5 = -f*w. Calculate the greatest common divisor of w and 8.
1
Let h = 126 - 368. Let o = h - -386. Let j be 15*o/15*1. What is the greatest common factor of 16 and j?
16
Suppose w = -4*p - p + 389, 4*p = 4*w + 292. Let x(s) = s**3 + 5*s**2 - 2*s + 1. Let v be x(-5). What is the highest common factor of v and p?
11
Suppose 3*p = 5*p - 20. Let n(w) = -w + 8. Let r be n(4). What is the greatest common divisor of r and p?
2
Suppose 0 = -2*g + 2*i + 26, 4*g - i + 32 = 8*g. What is the greatest common factor of 99 and g?
9
Let g = 23 + -19. What is the highest common divisor of g and 28?
4
Let q(z) = z**2 + 4*z. Let w be q(6). Let f be 20*11/((-110)/(-12)). What is the greatest common factor of w and f?
12
Let v be 1 + -1 + -5 + 7. Let l be (8*-1)/2*3. Let b be l*3/(-6)*3. What is the greatest common factor of b and v?
2
Let q be 0 + (-16 - 2)/(-3). What is the greatest common factor of 24 and q?
6
Suppose -2*w - 2*v = 3*v - 135, 5*v = 4*w - 225. Calculate the greatest common divisor of w and 30.
30
Let w be (8/14)/((-6)/(-84)). Calculate the highest common factor of 1 and w.
1
Suppose -4*b = 2*b - 114. What is the greatest common divisor of b and 57?
19
Let b(t) = -2*t - 12. Let n be b(-11). What is the highest common factor of 20 and n?
10
Suppose 0 = -c + 4. Suppose 0 = c*n - 37 + 5. Let u be (-10)/(-3)*(-48)/(-5). What is the greatest common divisor of n and u?
8
Suppose 12*d = 6*d + 270. Let b(t) be the first derivative of -t**2 - t + 2. Let m be b(-3). Calculate the highest common factor of m and d.
5
Let f be (-17)/(1/(-14)*2). Let i = 206 - 189. What is the greatest common divisor of i and f?
17
Suppose -2*v = 2*t + 3*t - 505, 303 = 3*t + 3*v. Suppose -t + 16 = -5*y. Let n = -6 + y. What is the greatest common divisor of 77 and n?
11
Suppose -5 = -n - 1. Suppose -n*v + 1 = -7. Calculate the greatest common divisor of 2 and v.
2
Let t(n) = -n + 6. Let h be t(9). Let u be (2/4)/(h/(-60)). Calculate the greatest common divisor of 110 and u.
10
Let s be (-2 + 1 + -2)*-1. Suppose u - y = -2 + s, 4*y - 20 = 0. Calculate the highest common divisor of 6 and u.
6
Let f be 8/12 - (-2)/(-3). Suppose 4*c - 12 = -f*c. Suppose k - 18 = -7*m + 4*m, c*m = -5*k + 54. Calculate the highest common divisor of k and 36.
9
Let g = 18 - 0. Calculate the greatest common divisor of g and 81.
9
Let t(d) = -d**3 - 7*d**2 + 26. Let r be t(-8). Let c = -13 - -22. Calculate the highest common divisor of c and r.
9
Let u = -647 - -1289. Let i = 912 - u. Calculate the highest common divisor of 30 and i.
30
Let v(o) = 45*o. Let u be v(1). Suppose 4*l + 5*h - 87 = 0, 2*l = -3*h + 60 - 15. What is the highest common divisor of u and l?
9
Suppose 67 = -4*m - 145. Let f = -9 + m. Let z = -36 - f. What is the highest common factor of 13 and z?
13
Suppose 0 = 5*j - 0*j - 3*f - 22, -14 = -3*j + 2*f. Suppose 0*d + d - 11 = -2*m, 2*m - 1 = d. Calculate the greatest common divisor of d and j.
1
Suppose -5*y + 5*t = -85, -t + 25 = -4*y + 6*y. Calculate the greatest common divisor of y and 21.
7
Suppose -u + 63 = 6*u. Calculate the greatest common factor of u and 9.
9
Let v be (-4)/10 - (-74)/10. Let g = 66 - 39. Let n = 41 - g. 